{"id":181,"date":"2018-04-27T14:59:12","date_gmt":"2018-04-27T13:59:12","guid":{"rendered":"http:\/\/www.ff-goetzendorf.com\/?page_id=181"},"modified":"2018-04-27T15:24:17","modified_gmt":"2018-04-27T14:24:17","slug":"fahrzeuge","status":"publish","type":"page","link":"http:\/\/www.ff-goetzendorf.com\/index.php\/about\/fahrzeuge\/","title":{"rendered":"Fahrzeuge"},"content":{"rendered":"<h1>TLFA 2000\/200<\/h1>\n<p>&#8230;<\/p>\n<p>&lt;Fotos folgen&gt;<\/p>\n<h2>Technische Daten:<\/h2>\n<table>\n<tbody>\n<tr>\n<td>Bezeichnung<\/td>\n<td>Detail<\/td>\n<\/tr>\n<tr>\n<td>Marke \/ Modell<\/td>\n<td>&#8211;<\/td>\n<\/tr>\n<tr>\n<td>Leistung<\/td>\n<td>&#8211;<\/td>\n<\/tr>\n<tr>\n<td>Baujahr<\/td>\n<td>&#8211;<\/td>\n<\/tr>\n<tr>\n<td>Besatzung<\/td>\n<td>&#8211;<\/td>\n<\/tr>\n<\/tbody>\n<\/table>\n<h1>KLFA<\/h1>\n<p>Seit 2011 versieht das Kleinl\u00f6schfahrzeug mit Allrad seinen Dienst in der FF G\u00f6tzendorf. Das Fahrzeug wurde von der Firma Lohr-Magirus aufgebaut und ist, zus\u00e4tzlich zu Stromerzeuger und Tragkraftspritze TS12, mit einem Lichtmast und Verkehrsleiteinrichtung ausgestattet.<\/p>\n<p>&lt;Fotos folgen&gt;<\/p>\n<h2>Technische Daten:<\/h2>\n<table>\n<tbody>\n<tr>\n<td>Bezeichnung<\/td>\n<td>Detail<\/td>\n<\/tr>\n<tr>\n<td>Marke \/ Modell<\/td>\n<td>Iveco Daily<\/td>\n<\/tr>\n<tr>\n<td>Leistung<\/td>\n<td>140 PS<\/td>\n<\/tr>\n<tr>\n<td>Baujahr<\/td>\n<td>2011<\/td>\n<\/tr>\n<tr>\n<td>Besatzung<\/td>\n<td>1:8<\/td>\n<\/tr>\n<\/tbody>\n<\/table>\n<h1>MTF<\/h1>\n<p>&#8230;<\/p>\n<p>&lt;Fotos folgen&gt;<\/p>\n<h2>Technische Daten:<\/h2>\n<table>\n<tbody>\n<tr>\n<td>Bezeichnung<\/td>\n<td>Detail<\/td>\n<\/tr>\n<tr>\n<td>Marke \/ Modell<\/td>\n<td>&#8211;<\/td>\n<\/tr>\n<tr>\n<td>Leistung<\/td>\n<td>-PS<\/td>\n<\/tr>\n<tr>\n<td>Baujahr<\/td>\n<td>&#8211;<\/td>\n<\/tr>\n<tr>\n<td>Besatzung<\/td>\n<td>&#8211;<\/td>\n<\/tr>\n<\/tbody>\n<\/table>\n","protected":false},"excerpt":{"rendered":"<p>TLFA 2000\/200 &#8230; &lt;Fotos folgen&gt; Technische Daten: Bezeichnung Detail Marke \/ Modell &#8211; Leistung &#8211; Baujahr &#8211; Besatzung &#8211; KLFA Seit 2011 versieht das Kleinl\u00f6schfahrzeug mit Allrad seinen Dienst in der FF G\u00f6tzendorf. Das Fahrzeug wurde von der Firma Lohr-Magirus aufgebaut und ist, zus\u00e4tzlich zu Stromerzeuger und Tragkraftspritze TS12, mit<\/p>\n","protected":false},"author":1,"featured_media":0,"parent":17,"menu_order":0,"comment_status":"closed","ping_status":"closed","template":"","meta":{"footnotes":""},"_links":{"self":[{"href":"http:\/\/www.ff-goetzendorf.com\/index.php\/wp-json\/wp\/v2\/pages\/181"}],"collection":[{"href":"http:\/\/www.ff-goetzendorf.com\/index.php\/wp-json\/wp\/v2\/pages"}],"about":[{"href":"http:\/\/www.ff-goetzendorf.com\/index.php\/wp-json\/wp\/v2\/types\/page"}],"author":[{"embeddable":true,"href":"http:\/\/www.ff-goetzendorf.com\/index.php\/wp-json\/wp\/v2\/users\/1"}],"replies":[{"embeddable":true,"href":"http:\/\/www.ff-goetzendorf.com\/index.php\/wp-json\/wp\/v2\/comments?post=181"}],"version-history":[{"count":4,"href":"http:\/\/www.ff-goetzendorf.com\/index.php\/wp-json\/wp\/v2\/pages\/181\/revisions"}],"predecessor-version":[{"id":197,"href":"http:\/\/www.ff-goetzendorf.com\/index.php\/wp-json\/wp\/v2\/pages\/181\/revisions\/197"}],"up":[{"embeddable":true,"href":"http:\/\/www.ff-goetzendorf.com\/index.php\/wp-json\/wp\/v2\/pages\/17"}],"wp:attachment":[{"href":"http:\/\/www.ff-goetzendorf.com\/index.php\/wp-json\/wp\/v2\/media?parent=181"}],"curies":[{"name":"wp","href":"https:\/\/api.w.org\/{rel}","templated":true}]}}

<h1>TLFA 2000/200</h1>
<p>&#8230;</p>
<p>&lt;Fotos folgen&gt;</p>
<h2>Technische Daten:</h2>
<table>
<tbody>
<tr>
<td>Bezeichnung</td>
<td>Detail</td>
</tr>
<tr>
<td>Marke / Modell</td>
<td>&#8211;</td>
</tr>
<tr>
<td>Leistung</td>
<td>&#8211;</td>
</tr>
<tr>
<td>Baujahr</td>
<td>&#8211;</td>
</tr>
<tr>
<td>Besatzung</td>
<td>&#8211;</td>
</tr>
</tbody>
</table>
<h1>KLFA</h1>
<p>Seit 2011 versieht das Kleinlöschfahrzeug mit Allrad seinen Dienst in der FF Götzendorf. Das Fahrzeug wurde von der Firma Lohr-Magirus aufgebaut und ist, zusätzlich zu Stromerzeuger und Tragkraftspritze TS12, mit einem Lichtmast und Verkehrsleiteinrichtung ausgestattet.</p>
<p>&lt;Fotos folgen&gt;</p>
<h2>Technische Daten:</h2>
<table>
<tbody>
<tr>
<td>Bezeichnung</td>
<td>Detail</td>
</tr>
<tr>
<td>Marke / Modell</td>
<td>Iveco Daily</td>
</tr>
<tr>
<td>Leistung</td>
<td>140 PS</td>
</tr>
<tr>
<td>Baujahr</td>
<td>2011</td>
</tr>
<tr>
<td>Besatzung</td>
<td>1:8</td>
</tr>
</tbody>
</table>
<h1>MTF</h1>
<p>&#8230;</p>
<p>&lt;Fotos folgen&gt;</p>
<h2>Technische Daten:</h2>
<table>
<tbody>
<tr>
<td>Bezeichnung</td>
<td>Detail</td>
</tr>
<tr>
<td>Marke / Modell</td>
<td>&#8211;</td>
</tr>
<tr>
<td>Leistung</td>
<td>-PS</td>
</tr>
<tr>
<td>Baujahr</td>
<td>&#8211;</td>
</tr>
<tr>
<td>Besatzung</td>
<td>&#8211;</td>
</tr>
</tbody>
</table>

<p>TLFA 2000/200 &#8230; &lt;Fotos folgen&gt; Technische Daten: Bezeichnung Detail Marke / Modell &#8211; Leistung &#8211; Baujahr &#8211; Besatzung &#8211; KLFA Seit 2011 versieht das Kleinlöschfahrzeug mit Allrad seinen Dienst in der FF Götzendorf. Das Fahrzeug wurde von der Firma Lohr-Magirus aufgebaut und ist, zusätzlich zu Stromerzeuger und Tragkraftspritze TS12, mit</p>
